n a is divided by 18?
17
Suppose -3*p - a + 8 = 0, 4*a = 4 + 4. Suppose 0 = -n - p, -4*n - n - 114 = -4*o. Calculate the remainder when 48 is divided by o.
22
Calculate the remainder when 21/6*(23 + 1) is divided by (-2 - (1 + 0)) + 36.
18
Let w = 412 + -218. Suppose -5*a = -c - w, 86 = 3*a + 2*c - 33. What is the remainder when 116 is divided by a?
38
Calculate the remainder when 71 is divided by ((-1)/(-1) + 89)/(76 - 74).
26
Suppose 16*k - 908 - 260 = 0. Calculate the remainder when k is divided by 15.
13
Suppose -667 = 7*n + 16*n. Let k(x) = 10*x + 1. Let w be k(-5). Let q = n - w. What is the remainder when 59 is divided by q?
19
Let w(r) = -7*r**2 + 8 + r**2 - r**3 + 11*r + r**2 - 7*r**2. Let x(f) = 13*f**2 - f. Calculate the remainder when w(-13) is divided by x(1).
10
Let g(r) = 2*r + 21. Let l(a) = 4*a - 60. What is the remainder when l(25) is divided by g(0)?
19
Let c = -60 - -103. Let o = c + -26. Let u = o - 7. Calculate the remainder when 28 is divided by u.
8
Let w(r) = -10*r - 6. Let p be w(-4). Let b = 37 - p. Calculate the remainder when 11 is divided by b.
2
Let f(s) = -7*s - 13. Let y(l) = -3*l - 78. Let t be y(-25). What is the remainder when 71 is divided by f(t)?
7
Let l be 176/(-18) + (-2)/9. Calculate the remainder when (35/l)/((-2)/20) is divided by 4/(-4)*0 + 19.
16
Let y = 38 + -25. What is the remainder when 26 - (-75)/100*(-4)/3 is divided by y?
12
Suppose 0*l + 7*l = 266. Calculate the remainder when l is divided by 11.
5
Suppose 9*y - 11*y = -6. Let r(m) = -m**3 + 6*m**2 - 6*m. What is the remainder when 35 is divided by r(y)?
8
Let p = 166 + -158. Let a be (-9)/(-6)*(-1 - 5). Let x = 13 - a. Calculate the remainder when x is divided by p.
6
What is the remainder when 3 - (-4)/(11/(4290/4)) is divided by 33?
30
Let p(t) = t - 9*t - 4*t + 3*t - 5. Let u be p(-3). What is the remainder when 39 is divided by (u - 1)*(-8)/(-8)?
18
Calculate the remainder when 122 is divided by (-13)/((-143)/33) - -1.
2
Suppose -24 + 3 = -3*h. Suppose -4 = 5*n + 16. Let z(c) = -c**3 - 3*c**2 + 2*c - 3. Calculate the remainder when h is divided by z(n).
2
Let w(f) = -f**3 + 17*f**2 + 4*f - 49. What is the remainder when 112 is divided by w(17)?
17
Let b = -1 - -3. What is the remainder when (-1)/((b/(-118))/1) is divided by 40/(-6)*-1*3?
19
What is the remainder when -1919*6/(-54) + 2/(-9) is divided by 44?
37
Let d be ((-215)/(-15))/(1/3). Suppose 3*j - d = -5*v, 0*v - 2*v = 2*j - 22. Suppose 11 = 2*w + 5. What is the remainder when j is divided by w?
0
Let d = -2018 + 2040. Let t = -2 - -63. Calculate the remainder when t is divided by d.
17
Suppose -27 = 7*w - 174. What is the remainder when w is divided by 8?
5
Let n = -212 - -100. Let i = n - -163. What is the remainder when 152 is divided by i?
50
Let f(d) = -3*d**2 - 2*d + 2*d - 9 + 15*d + 2*d**2. Let n be f(14). Suppose 3 = n*y - 37. Calculate the remainder when 13 is divided by y.
5
Suppose -3*i - 2*c + 493 = 0, c - 15 = -2*i + 314. Calculate the remainder when 9435/i + 4/(-22) is divided by 20.
17
Let n(q) = 8*q**2 + 88*q + 22. Calculate the remainder when n(-17) is divided by 29.
26
Let c be -1 + (-4 + 60)*2. Let n = c + -28. Calculate the remainder when n is divided by 28.
27
Suppose 0 = 27*l - 79*l + 61256. Calculate the remainder when l is divided by 148.
142
Let v = 61 - 23. Let h(t) = -t**2 + 9*t - 8. Let g be h(7). Calculate the remainder when v is divided by 1/((-9)/g - 82/(-52)).
12
Suppose -5*k = -2*k - 9. Let r = 64 + -63. Suppose -3*z - k*i - r = -4*z, i = z - 3. What is the remainder when 5 is divided by z?
1
Suppose 0 = -3*g + 12, c - 2*g + 3*g - 7 = 0. What is the remainder when 84 is divided by c?
0
Suppose 2 = 7*h - 6*h. Suppose -h*k + 7 = -k. What is the remainder when 16 is divided by k?
2
Suppose -f + 119 = 5*w, 16*f + 28 = w + 12*f. What is the remainder when 106 is divided by w?
10
Let g(x) = -x + 30. What is the remainder when (15/3 - 12) + 104 is divided by g(10)?
17
Suppose -4*a = 2*x + 4, -3*x + 0*a + a + 8 = 0. Let u(f) = f**x + 4*f + 5*f - 4 + 14. What is the remainder when 19 is divided by u(-9)?
9
Suppose 0 = 2*z + b - 139 + 32, -4*z - 3*b + 213 = 0. Calculate the remainder when z is divided by 11.
10
Suppose 109 = n + 2*h - 114, -n - 3*h + 223 = 0. Calculate the remainder when n is divided by 62.
37
Let y = -5 - -2. Calculate the remainder when 142 is divided by -5 - y*(1 - -6).
14
Suppose 4*i + 3*q = -2*q + 8, 3*q = 12. Let n be 5 - 4 - i*1. Suppose n*g = -2*j + 16 + 16, -g + 20 = j. Calculate the remainder when 70 is divided by j.
22
Let l(z) = -139*z**3 + z**2 - 1. What is the remainder when l(-1) is divided by 98/2 + (-2 - 2 - -2)?
45
Let d = -76 + 9. Let x = d + 114. What is the remainder when x is divided by 24?
23
Let l(g) = -g**3 - 8*g**2 + 16*g. What is the remainder when l(-11) is divided by 63?
61
Let s(a) = a**3 - 10*a**2 + a - 10. Let p be s(10). Suppose -4*l + 36 = -p*l. Suppose -3*o + l = -6. Calculate the remainder when 7 is divided by o.
2
Let s = 22 - 4. Suppose -5*y = -4*m + s, -1 = 2*y - 5. Calculate the remainder when 33 is divided by m.
5
Let n be ((-6)/(-3) + -7)*(-416)/40. Let t = n + -9. What is the remainder when 83 is divided by t?
40
Suppose 167*u - 199*u = -2752. Calculate the remainder when u is divided by 22.
20
Let d = 670 + -642. What is the remainder when 101 is divided by d?
17
Let z = 520 + -145. Suppose -10*b - z = -15*b. What is the remainder when b is divided by 19?
18
Let m = 4185 - 4171. Suppose -7*o + 2*d + 24 = -3*o, 16 = 4*d. What is the remainder when m is divided by o?
6
Let k be 20 - (-5 + 2 - 0). Suppose 117 + k = 4*w. What is the remainder when w is divided by 12?
11
What is the remainder when 38 is divided by (24/(-10))/((-18)/840*4)?
10
Suppose -96 = -d - 5. Suppose -6*n - d + 313 = 0. Calculate the remainder when n is divided by 21.
16
Suppose -7*y + 1007 + 36 = 0. What is the remainder when y is divided by 79?
70
Suppose 0 = 5*n - 8 - 7. Suppose -4*f - n*f = 196. Let z = 56 + f. What is the remainder when 109 is divided by z?
25
Let u = -122 - -264. Suppose 2*w - 2*j - u = 0, -4*w + 123 = 4*j - 129. Suppose 7 = r - 5*v - 0, 3*v = 5*r - 79. Calculate the remainder when w is divided by r.
16
Let i(s) = s**3 + s**2 + 74. What is the remainder when 1107 is divided by i(0)?
71
Let l = -1312 - -1316. Let f be (2 + 1)/((-1)/2). What is the remainder when l is divided by 1/((-2)/f) - -1?
0
Let h be ((-6)/(-27))/((-1)/(-9)). What is the remainder when -2 - h/2*-1*83 is divided by 21?
18
What is the remainder when 82 is divided by 3/(3 + 0)*(-1207)/(-17)?
11
Suppose 4*b - 6*b = -12. Suppose -b*t = -314 - 112. Suppose 0 = g + 3*j + 3, 2*j - 16 = -3*g - 2*j. Calculate the remainder when t is divided by g.
11
Suppose -4*b - v = 38 - 1589, -4*b + 1542 = -2*v. What is the remainder when b is divided by 39?
36
Calculate the remainder when 104 is divided by (1 - -13)/((-192)/(-30) + -6).
34
Suppose 3*v + h + 3*h = 106, 3*h = 5*v - 196. Suppose -v*g + 114 = -36*g. What is the remainder when 224 is divided by g?
53
Let r be (-5 + 3)*-3*(-20)/15. Let o(z) = -2*z**2 - 18*z. Calculate the remainder when 94 is divided by o(r).
14
Let p(v) = -v**3 - 4*v**2 + 6. Let t(i) = -4 + 2 - 7*i - 1 - 1. What is the remainder when p(-5) is divided by t(-3)?
14
Suppose 5*j = 20, 4*j = -14*q + 10*q + 280. Calculate the remainder when q is divided by 14.
10
Let z = 822 + -715. Calculate the remainder when z is divided by 49.
9
Suppose 0 = 77*b - 74*b - 6. What is the remainder when (b - 600/3)*-1 is divided by 40?
38
Let v = 73 - 73. Let d = 21 + v. What is the remainder when 83 is divided by d?
20
Let v = 43 + 23. Suppose v = 5*g - 39. Calculate the remainder when (-8)/(-384)*8 - (-466)/12 is divided by g.
18
Suppose 7*l = 51 + 47. Calculate the remainder when 627 is divided by l.
11
Let u be (-4)/((-12)/(-16) + -1). Suppose -u - 20 = -4*m. Suppose -6*w + m*w - 39 = 0. Calculate the remainder when 22 is divided by w.
9
Suppose 0 = -331*o + 345*o - 630. Calculate the remainder when 307 is divided by o.
37
Let r(t) = t**2 - 14*t + 9. Calculate the remainder when (-1)/4 + (-1410)/(-40) is divided by r(14).
8
Let u(p) = -70*p - 262. Calculate the remainder when 609 is divided by u(-4).
15
Let l be 4 + 0 - (7 - 6). Suppose 46 = -